 3, 83
Let p(a) = 7*a**3 + 2 + 3*a**2 + 3*a**2 - 2*a**2 - 3*a**2. What are the prime factors of p(2)?
2, 31
Suppose -468 = 2*h - y - 1391, 4*h + y = 1837. Suppose -h = 4*q + 4*m, -2*q - 74 = -3*m + 151. List the prime factors of (q/(-18))/(1/3).
19
Suppose 0 = -3*c + 7*c + 240. Let h = 19 + c. Let f = 21 - h. List the prime factors of f.
2, 31
Let y be -4*-27*1/2. Let u(j) = -j**3 - 28*j**2 - 27*j + 32. Let r be u(-27). Let o = y - r. List the prime factors of o.
2, 11
Let m = -678 + 1288. List the prime factors of m.
2, 5, 61
List the prime factors of (-5 - (-38)/8)*-4*943.
23, 41
Let l = -94 + 61. Let n be (-2)/11 - 402/l. What are the prime factors of (-9)/n*-12*1?
3
Suppose -4*j = -5*j + 6. Suppose -276 = 3*q - j*q. Suppose 248 + q = 5*b. List the prime factors of b.
2, 17
Let b(t) be the third derivative of 0*t + 9*t**3 - 8*t**2 + 0*t**5 + 0 - 1/120*t**6 + 1/24*t**4. What are the prime factors of b(0)?
2, 3
Let d be ((-90)/(-24))/((-1)/(-4)). List the prime factors of -19 + d + 158 + 1.
5, 31
Suppose 2*h - h = -3. Let s = 5 - h. Suppose 0 = -9*a + s*a + 40. What are the prime factors of a?
2, 5
Let w(y) be the third derivative of 3*y**4/8 - 3*y**3/2 - 4*y**2. Let u be w(14). Let t = u - 54. What are the prime factors of t?
3, 7
Let m = 9 + -7. Suppose -d + 36 = 2*d + 3*s, -m*s - 72 = -4*d. List the prime factors of d.
2
Let u = 4228 - 2245. What are the prime factors of u?
3, 661
Suppose 98*a - 1335 = 95*a. List the prime factors of a.
5, 89
Let r = -43 + 31. What are the prime factors of r/10*810/(-36)?
3
Let p = -552 - -909. List the prime factors of p.
3, 7, 17
Let m = 719 - 329. What are the prime factors of m?
2, 3, 5, 13
Let p(v) = 2*v**3 + 2*v**2 + v + 19. Let s be p(0). Let c(f) = f**3 - 18*f**2 - 11*f + 9. What are the prime factors of c(s)?
7, 23
Suppose 448 = d + 2*q, -4*d + 1764 = -8*q + 9*q. Let p = d + -208. List the prime factors of p.
2, 29
Suppose -29*p + 26020 = -38998. What are the prime factors of p?
2, 19, 59
Suppose -l + m + 116 = -78, 2*l = 4*m + 390. What are the prime factors of l?
193
Let i(o) = -o**2 + 6*o - 1. Let p be i(5). Suppose p*w + 50 = -w. Let x = w + 33. List the prime factors of x.
23
Let c(t) = 11*t**2 - 27*t - 6. Let p(v) = 4*v**2 - 9*v - 2. Let f(o) = -3*c(o) + 8*p(o). What are the prime factors of f(6)?
2, 5
Let h be (-63)/(-13) + 12/78. Suppose -v + 11 = -s, -4*s + 9*s - 5 = -h*v. List the prime factors of 12/(3*4/v).
2, 3
Suppose -4*s + 5*h = 23 - 6, s - 2*h + 8 = 0. Suppose s*j + j = 3*k + 135, k = -3*j + 135. List the prime factors of j.
3, 5
Let q be ((-8)/14)/((-8)/28). Let c be q/3 + 224/42. Suppose -62 = -c*x + 4*x. List the prime factors of x.
31
Let w(d) = -14*d**3 - d**2 - 2*d + 3. What are the prime factors of w(-4)?
3, 11
Let w = 1926 + -1004. List the prime factors of w.
2, 461
Let v(k) be the first derivative of 8*k**2 + 2*k + 120. Let h be 12/(-8)*2/(-3). What are the prime factors of v(h)?
2, 3
Let y(p) be the first derivative of p**3/3 - 15*p**2/2 - 28*p + 8. What are the prime factors of y(-8)?
2, 3, 13
Let l = -202 + 205. Let w = -2 + 4. Suppose 5*c + l*k + 6 = 73, -w*k = 2. List the prime factors of c.
2, 7
Suppose 8 + 7 = -3*q + 3*y, -5*y = -20. Let u be (0 + q/3)*-45. List the prime factors of -58*(2 + u/(-6)).
29
Let c = -7 + 9. Suppose -c*t - 42 = -2*a, 0 = -3*a + 4*t - 9*t + 71. Let m = a + -1. What are the prime factors of m?
3, 7
Let o be (-105)/(-42)*2*4/(-5). List the prime factors of 1 + (1712/32)/((-2)/o).
2, 3
Let p(u) = 16*u**2 + 4*u + 10. Let t = -2 + -1. List the prime factors of p(t).
2, 71
Let i(q) = -q**3 + 11*q**2 + 11*q + 15. Let s be i(12). Suppose s*x = 1 + 5. Suppose -x*z + 62 = -32. What are the prime factors of z?
47
Let t(m) = -6*m + 8. Let c be t(1). Suppose -l - c*o + 614 = 2*l, 3*l - 610 = -4*o. List the prime factors of l.
2, 103
Suppose -i = -0*i + 5. Let d be -2 - -59 - (-2 - i). List the prime factors of 147*1*18/d.
7
Suppose 535 = 2*c - 3*u, c + 126 - 396 = 2*u. What are the prime factors of c?
2, 5, 13
Let j(n) = -n**2 + n + 1. Let q(h) = 9*h**2 + h + 7. Let w(y) = 6*j(y) + q(y). List the prime factors of w(-9).
193
Suppose 4*t = 8*t - 104. Suppose -52 = -2*v - t. What are the prime factors of v?
13
Let c be 1/8*2*-4. List the prime factors of c/(2 + (2 - 329/82)).
2, 41
Let v(f) = -f**2 + 13*f - 11. Let o be v(12). Let m = o + -1. Suppose -65 = -5*i - m*i. List the prime factors of i.
13
Suppose 14*y + 12*y - 13130 = 0. What are the prime factors of y?
5, 101
Let z be (-402)/(-4)*8/(-6). Let w = -90 - z. List the prime factors of w.
2, 11
Suppose 3*a = 3*m - 236 - 532, 0 = -a. List the prime factors of m.
2
Let b = 2814 - 518. List the prime factors of b.
2, 7, 41
Let q = 6814 + -4801. What are the prime factors of q?
3, 11, 61
Let g(s) = s**2 - 8. Let b be g(0). Let a be 14/b*(-24)/1. Suppose -5*t + 0 = 4*p - a, 3 = p. List the prime factors of t.
2, 3
Let y be (2/(-3))/((-6)/999). Let f = y - 56. List the prime factors of f.
5, 11
List the prime factors of (-12129 + 1)*(-5)/20.
2, 379
Suppose 4*a = 5*l - 243, 0*l - l + 57 = 2*a. List the prime factors of l.
3, 17
Let j(h) = h - 6. Let u be j(-5). Let z(q) = 444*q - 10*q**2 + 14 - 143*q - 153*q - q**3 - 139*q. List the prime factors of z(u).
2, 3
Let c = 744 + -334. What are the prime factors of c?
2, 5, 41
Let b be ((-2)/6)/(4/24). Let s = 2 + b. Suppose s = 8*n - 4*n - 168. What are the prime factors of n?
2, 3, 7
Let n = -693 + 1332. What are the prime factors of n?
3, 71
Suppose 369 = 4*i - o, -4*i - 2*o = o - 381. Let z = i + -68. What are the prime factors of z?
5
Let s = 120 + -116. List the prime factors of 69 - s/(0 + -2).
71
Let k = -667 - -1883. List the prime factors of k.
2, 19
Let g = 436 - 338. List the prime factors of g.
2, 7
Suppose -7*p = -5*a - 10*p - 1059, -a - p - 213 = 0. Let r = a + 395. What are the prime factors of r?
5, 37
Suppose 0 = -12*k + 3168 + 1368. Suppose -5*y + 25 = 0, -9*w + k = -6*w + 3*y. What are the prime factors of w?
11
Let k(w) = -4*w + 59. What are the prime factors of k(9)?
23
Suppose m + 4 = -2*n - 7, 0 = -2*n - 5*m - 7. Let g be (-27)/n*(-84)/1. List the prime factors of ((-24)/(-14))/((-12)/g).
2, 3
Let u(n) = 3*n**2 + 18*n - 14. Let w(b) = -8*b**2 - 54*b + 42. Let v(g) = -11*u(g) - 4*w(g). What are the prime factors of v(5)?
3, 17
Let w be (-60)/(-50) - 2/10. Let q be (1/w)/((-2)/(-6)). Suppose 0 = z - 5*i - 9, q*z - 2*i - 49 = 2*i. What are the prime factors of z?
19
Suppose -5*b + 39 = 2*v - v, 4*b = -3*v + 62. Let s = v - 9. Suppose 131 = 4*i + m, 6*m + 190 = s*i + 2*m. List the prime factors of i.
2, 17
List the prime factors of (-10 - -18)*102/16.
3, 17
Suppose -2*q + 45 = 3*q. Suppose 3*k + 3 - q = 0. Suppose 0*w - 10 = -k*w. List the prime factors of w.
5
Suppose 4*y = 4*x - 366 - 1314, 5*y - 450 = -x. List the prime factors of x.
5, 17
Suppose 4*t - 21837 = 3*j, -5*t + 269*j - 270*j = -27282. List the prime factors of t.
3, 17, 107
Suppose -2*d - 5*d + 35 = 0. Suppose -1 = r + b - 16, r = 3*b - d. List the prime factors of r.
2, 5
Let i = 16 - 39. Let v = 3 - i. Suppose -b + 6 = -v. What are the prime factors of b?
2
Let y(r) = -r**3 + 24*r**2 - 26*r + 205. List the prime factors of y(19).
2, 379
Let t(c) be the third derivative of -c**6/60 - c**5/15 + 11*c**4/24 + c**3/3 + 24*c**2. What are the prime factors of t(-5)?
97
Let a = 54 + 133. What are the prime factors of a?
11, 17
Suppose 2*k - 556 = 5*b, 3*b + 276 = 6*k - 5*k. What are the prime factors of k?
2, 3
Suppose -2*a - 1695 + 287 = -4*p, 4*p + 2*a = 1400. List the prime factors of p.
3, 13
What are the prime factors of 508416/(-448)*7/(-2)?
2, 3, 331
Let c = 9 + -9. Suppose c = -3*q - 2*q - 4*x - 3, q = -4*x - 7. Let i(w) = 8*w + 1. What are the prime factors of i(q)?
3
Suppose -57*n = -12*n - 30375. What are the prime factors of n?
3, 5
Suppose -4*y - 459 = -5*r, -23*r + 22*r + y = -92. What are the prime factors of r?
7, 13
Suppose f + 5*c + 29 = 0, -2*f = -5*c + 1 + 27. Let u(l) = -7*l + 1. Let h be u(-4). Let t = f + h. What are the prime factors of t?
2, 5
Let s = -34 - -163. Suppose 1 = 2*p - s. List the prime factors of p.
5, 13
Suppose 0 = -2*t - 1393 - 35. Let f = t + 1003. What are the prime factors of f?
17
Let i be 2/(-5) + (-1104)/(-10). Let j be (-4)/18 - 